inder when 54037 is divided by 405.
172
What is the remainder when 13344 is divided by 188?
184
Calculate the remainder when 21573 is divided by 7182.
27
What is the remainder when 231787 is divided by 26?
23
What is the remainder when 2458 is divided by 2416?
42
What is the remainder when 86203 is divided by 1268?
1247
Calculate the remainder when 1038702 is divided by 244.
238
Calculate the remainder when 11315 is divided by 11303.
12
Calculate the remainder when 183622 is divided by 42.
40
Calculate the remainder when 107944 is divided by 21578.
54
Calculate the remainder when 974 is divided by 290.
104
What is the remainder when 13021 is divided by 11?
8
Calculate the remainder when 2902 is divided by 196.
158
Calculate the remainder when 68185 is divided by 1623.
19
Calculate the remainder when 3615 is divided by 227.
210
Calculate the remainder when 3537 is divided by 317.
50
What is the remainder when 3094584 is divided by 30?
24
What is the remainder when 10676 is divided by 5333?
10
What is the remainder when 12644 is divided by 1578?
20
What is the remainder when 12407 is divided by 2071?
2052
What is the remainder when 537 is divided by 12?
9
What is the remainder when 98504 is divided by 467?
434
What is the remainder when 80020 is divided by 148?
100
What is the remainder when 1773 is divided by 51?
39
Calculate the remainder when 6890306 is divided by 349.
348
What is the remainder when 10013 is divided by 139?
5
Calculate the remainder when 350729 is divided by 41.
15
What is the remainder when 1052 is divided by 1043?
9
Calculate the remainder when 3777 is divided by 1257.
6
Calculate the remainder when 21312 is divided by 1272.
960
Calculate the remainder when 861 is divided by 75.
36
What is the remainder when 4037 is divided by 547?
208
What is the remainder when 87383 is divided by 264?
263
What is the remainder when 173731 is divided by 43415?
71
What is the remainder when 1593 is divided by 377?
85
Calculate the remainder when 4996 is divided by 140.
96
Calculate the remainder when 35145 is divided by 5019.
12
Calculate the remainder when 34195 is divided by 103.
102
Calculate the remainder when 2754 is divided by 26.
24
What is the remainder when 43272 is divided by 62?
58
Calculate the remainder when 26296 is divided by 17.
14
Calculate the remainder when 17353 is divided by 56.
49
What is the remainder when 153061 is divided by 4?
1
What is the remainder when 110470 is divided by 63?
31
What is the remainder when 37828 is divided by 318?
304
What is the remainder when 2069 is divided by 52?
41
What is the remainder when 4676 is divided by 594?
518
What is the remainder when 7172 is divided by 8?
4
What is the remainder when 648 is divided by 257?
134
What is the remainder when 492 is divided by 439?
53
What is the remainder when 1665562 is divided by 12?
10
Calculate the remainder when 639269 is divided by 985.
4
What is the remainder when 1855 is divided by 550?
205
What is the remainder when 1169 is divided by 183?
71
What is the remainder when 62216 is divided by 732?
728
Calculate the remainder when 81804 is divided by 27257.
33
What is the remainder when 1878 is divided by 10?
8
Calculate the remainder when 114315 is divided by 608.
11
What is the remainder when 3320917 is divided by 1474?
1469
What is the remainder when 7737 is divided by 49?
44
Calculate the remainder when 1999 is divided by 290.
259
Calculate the remainder when 12397 is divided by 2005.
367
Calculate the remainder when 72675 is divided by 1053.
18
Calculate the remainder when 7358 is divided by 1865.
1763
What is the remainder when 742314 is divided by 635?
634
What is the remainder when 37507 is divided by 226?
217
Calculate the remainder when 3773 is divided by 98.
49
Calculate the remainder when 120315 is divided by 5231.
2
What is the remainder when 41238 is divided by 55?
43
Calculate the remainder when 7560 is divided by 630.
0
What is the remainder when 41827 is divided by 14?
9
Calculate the remainder when 22224 is divided by 1169.
13
Calculate the remainder when 1117 is divided by 16.
13
What is the remainder when 914 is divided by 7?
4
Calculate the remainder when 306406 is divided by 168.
142
What is the remainder when 5688 is divided by 1384?
152
What is the remainder when 35800 is divided by 762?
748
What is the remainder when 15886 is divided by 5279?
49
Calculate the remainder when 4052926 is divided by 32.
30
Calculate the remainder when 1998 is divided by 615.
153
What is the remainder when 179575 is divided by 15?
10
What is the remainder when 227169 is divided by 56785?
29
What is the remainder when 13288 is divided by 28?
16
Calculate the remainder when 43677 is divided by 105.
102
Calculate the remainder when 67770 is divided by 101.
100
Calculate the remainder when 4385 is divided by 26.
17
Calculate the remainder when 66588 is divided by 1210.
38
Calculate the remainder when 1124035 is divided by 40.
35
What is the remainder when 2055 is divided by 684?
3
Calculate the remainder when 3198 is divided by 8.
6
What is the remainder when 4630 is divided by 515?
510
What is the remainder when 11348 is divided by 729?
413
Calculate the remainder when 46185 is divided by 889.
846
What is the remainder when 81381 is divided by 27118?
27
Calculate the remainder when 18606 is divided by 41.
33
Calculate the remainder when 239188 is divided by 357.
355
What is the remainder when 18213 is divided by 298?
35
What is the remainder when 135398 is divided by 203?
200
Calculate the remainder when 255499 is divided by 218.
3
What is the remainder when 20535 is divided by 151?
150
Calculate the remainder when 1448687 is divided by 457.
454
What is the remainder when 3441 is divided by 345?
336
What is the remainder when 59651 is divided by 102?
83
What is the remainder when 277053 is divided by 269?
252
What is the remainder when 12420 is divided by 5935?
550
Calculate the remainder when 17726 is divided by 22.
16
What is the remainder when 65782 is divided by 822?
22
What is the remainder when 176585 is divided by 7357?
17
What is the remainder when 989 is divided by 316?
41
Calculate the remainder when 426462 is divided by 16402.
10
What is the remainder when 58886 is divided by 179?
174
Calculate the remainder when 5048 is divided by 1678.
14
What is the remainder when 378553 is divided by 189275?
3
Calculate the remainder when 4283 is divided by 74.
65
What is the remainder when 2541 is divided by 944?
653
What is the remainder when 185050 is divided by 61683?
1
Calculate the remainder when 104271 is divided by 343.
342
Calculate the remainder when 52925 is divided by 151.
75
What is the remainder when 666310 is divided by 50?
10
Calculate the remainder when 387 is divided by 228.
159
Calculate the remainder when 213470 is divided by 76.
62
Calculate the remainder when 3614 is divided by 631.
459
Calculate the remainder when 53525 is divided by 179.
4
What is the remainder when 112196 is divided by 17?
13
What is the remainder when 1370 is divided by 1291?
79
Calculate the remainder when 253823 is divided by 325.
323
What is the remainder when 189022 is divided by 556?
538
Calculate the remainder when 14664 is divided by 446.
392
What is the remainder when 64229 is divided by 351?
347
What is the remainder when 8509 is divided by 284?
273
What is the remainder when 321140 is divided by 34?
10
Calculate the remainder when 265518 is divided by 489.
480
Calculate the remainder when 48111 is divided by 27.
24
Calculate the remainder when 42010 is divided by 8379.
115
What is the remainder when 56049 is divided by 324?
321
What is the remainder when 11103 is divided by 101?
94
What is the remainder when 9709 is divided by 18?
7
Calculate the remainder when 435644 is divided by 50.
44
Calculate the remainder when 2208964 is divided by 55.
54
Calculate the remainder when 391611 is divided by 443.
442
What is the remainder when 323 is divided by 139?
45
Calculate the remainder when 2711098 is divided by 12.
10
Calculate the remainder when 17607 is divided by 79.
69
What is the remainder when 397185 is divided by 396?
393
What is the remainder when 30074 is divided by 1761?
137
Calculate the remainder when 7672 is divided by 935.
192
Calcul